{"id":164,"date":"2019-06-30T20:07:48","date_gmt":"2019-06-30T20:07:48","guid":{"rendered":"http:\/\/votsalo.com\/site\/?page_id=164"},"modified":"2026-01-11T22:28:32","modified_gmt":"2026-01-11T22:28:32","slug":"home-4","status":"publish","type":"page","link":"http:\/\/votsalo.com\/site\/fr\/home-4\/","title":{"rendered":"Salut"},"content":{"rendered":"<p>Vous pensez aller en Gr\u00e8ce pour vos vacances cette ann\u00e9e? Personne ne vous en voudra! Prenez juste la bonne dose de mer et de soleil, ajoutez un soup\u00e7on d&#8217;histoire et servez avec une g\u00e9n\u00e9reuse portion de plaisir, et c&#8217;est parti pour les vacances de votre vie! Voici la recette gagnante pour des vacances inoubliables!<\/p>\n<p>Nich\u00e9s en haut d&#8217;une colline qui surplombe la baie, \u00e0 50 m\u00e8tres de la mer, les appartements Votsalo vous accueilleront \u00e0 Naousa, sur l&#8217;\u00eele de Paros.<\/p>\n<h2><a href=\"https:\/\/reservations.bookoncloud.com\/welcome\/votsalo-paros?lang=en&amp;channelId=website#\/availability\">Reserve maintenant<\/a><\/h2>\n","protected":false},"excerpt":{"rendered":"<p>Vous pensez aller en Gr\u00e8ce pour vos vacances cette ann\u00e9e? Personne ne vous en voudra! Prenez juste la bonne dose de mer et de soleil, ajoutez un soup\u00e7on d&#8217;histoire et servez avec une g\u00e9n\u00e9reuse portion de plaisir, et c&#8217;est parti pour les vacances de votre vie! Voici la recette gagnante pour des vacances inoubliables! Nich\u00e9s &hellip; <\/p>\n<p class=\"link-more\"><a href=\"http:\/\/votsalo.com\/site\/fr\/home-4\/\" class=\"more-link\">Continue reading<span class=\"screen-reader-text\"> &#8220;Salut&#8221;<\/span><\/a><\/p>\n","protected":false},"author":1,"featured_media":0,"parent":0,"menu_order":0,"comment_status":"closed","ping_status":"closed","template":"","meta":{"spay_email":""},"_links":{"self":[{"href":"http:\/\/votsalo.com\/site\/wp-json\/wp\/v2\/pages\/164"}],"collection":[{"href":"http:\/\/votsalo.com\/site\/wp-json\/wp\/v2\/pages"}],"about":[{"href":"http:\/\/votsalo.com\/site\/wp-json\/wp\/v2\/types\/page"}],"author":[{"embeddable":true,"href":"http:\/\/votsalo.com\/site\/wp-json\/wp\/v2\/users\/1"}],"replies":[{"embeddable":true,"href":"http:\/\/votsalo.com\/site\/wp-json\/wp\/v2\/comments?post=164"}],"version-history":[{"count":6,"href":"http:\/\/votsalo.com\/site\/wp-json\/wp\/v2\/pages\/164\/revisions"}],"predecessor-version":[{"id":225,"href":"http:\/\/votsalo.com\/site\/wp-json\/wp\/v2\/pages\/164\/revisions\/225"}],"wp:attachment":[{"href":"http:\/\/votsalo.com\/site\/wp-json\/wp\/v2\/media?parent=164"}],"curies":[{"name":"wp","href":"https:\/\/api.w.org\/{rel}","templated":true}]}}